hat is the tens digit of p?
4
Let f(b) = b + 1. Let j be f(1). Suppose 0 = j*a - 0*a. Let g = a + 3. What is the units digit of g?
3
Let q(s) = s**3 - 3*s**2 + s + 1. Let k be q(3). Let c = 13 - 10. Suppose c*h + 2*m = 13, -h = -k*h - 5*m + 10. What is the units digit of h?
5
What is the tens digit of 25 + 2 + (2 - 0)?
2
Let w be -10*((-8)/(-5) - 2). Suppose j + 1 = w. What is the units digit of j?
3
Let o(z) = z**3 - 5*z**2 + 3*z + 1. Let w be o(4). What is the units digit of 7/1 + 1 + w?
5
Let n(k) = 35*k**2 - 2*k + 1. Let j be n(-2). Let r be (-4)/26 - j/(-13). Suppose 35 - r = 2*i. What is the units digit of i?
2
Suppose -9*k - 84 = -10*k. What is the units digit of k?
4
Let s(c) = c + 7. Let v(p) = -5*p - 28. Let k(g) = -18*s(g) - 4*v(g). What is the units digit of k(13)?
2
Suppose 3*d = q + 185, 4*q = 4*d + 3*q - 245. What is the tens digit of d?
6
What is the tens digit of (-11)/66 - 566/(-12)?
4
Suppose -11 = 3*m + h - 137, m = 3*h + 42. What is the units digit of m?
2
Suppose 166*s = 167*s - 100. What is the units digit of s?
0
Suppose -3*r - 10 = -5*i, -3*r - r + 3*i + 5 = 0. Suppose 0 = 2*m + 3 - r. What is the units digit of m?
1
Let t be -2 - (-31 + -3) - -3. Suppose c = -4*c + t. What is the units digit of c?
7
Let y = -31 - -74. What is the tens digit of y?
4
Suppose 2*k = 3*z + 3*k - 4, 5*z - k = -4. Suppose z*c = -4*c + 36. What is the units digit of c?
9
Let i = 41 + -28. What is the units digit of i?
3
Let t = 278 + -125. What is the units digit of t?
3
Let f(w) = 14*w**2 - w + 1. What is the units digit of f(1)?
4
Let k be 22/4 - 3/6. Let d = k - 2. Let i(z) = -z**2 + 6*z + 4. What is the units digit of i(d)?
3
Let j(y) = y - 1. What is the units digit of j(10)?
9
Suppose 144 = -6*b + 10*b. What is the units digit of b?
6
Suppose -z + 4*z + 72 = 0. Let u = z - 9. What is the units digit of u/(-7) - (-16)/56?
5
Let v(a) = -a**3 + 4*a**2 + 2*a - 5. Let r be v(4). What is the units digit of -5 + r + 1 + 3?
2
Suppose -4*x - 120 = -5*v + 37, x = 5*v - 163. What is the units digit of v?
3
Let t = 51 - 25. Let c be (-6)/(-4)*84/(-9). Let i = t + c. What is the units digit of i?
2
What is the units digit of (138/5)/((-21)/(-70))?
2
Let p(z) = 2*z**2 - 8*z + 20. What is the hundreds digit of p(10)?
1
Let t = 13 - 18. Let v = 14 - t. What is the units digit of v?
9
Let a(p) = -7*p**3 + 14 - 6*p + 11*p**2 + 1 - 5*p + 6*p**3. Let j be a(10). Suppose 67 = 4*h + o, 0*h + j*o = h - 43. What is the tens digit of h?
1
Let b(g) = -2*g - 3*g**2 - 6 - g**3 - 12 + 12. Let d = -12 - -8. What is the units digit of b(d)?
8
Let s(i) = -12*i + 9. What is the units digit of s(-7)?
3
Let o be ((-6)/3)/2 - 0. What is the tens digit of 14 - (-1)/o - 1?
1
Let p(k) = -6*k**3 + 2*k**2 - 12*k. Let n(f) = -f**3 + f**2 - f + 1. Let y(r) = -5*n(r) + p(r). What is the tens digit of y(-4)?
3
Suppose -10 = 5*f, 0 = -2*o - f + 2 - 10. Let p be o/(((-6)/16)/1). What is the tens digit of ((-42)/12)/((-2)/p)?
1
Let w(c) be the second derivative of -8*c**3/3 + c**2/2 + c. What is the tens digit of w(-1)?
1
Let u(m) = m + 3. Let p(b) = b - 8. Let k be p(8). What is the units digit of u(k)?
3
Let j = 1 - 4. Let g(t) = 3*t**2 + 5*t + 3. What is the units digit of g(j)?
5
Let j = 356 - 182. What is the hundreds digit of j?
1
Suppose 10 = -0*b + 5*b. Let v be (-1)/b*0/(-4). Suppose 2*x = -0*p + 4*p - 20, v = -2*p - 4*x. What is the units digit of p?
4
What is the units digit of (-2691)/(-15) - 6/(-10)?
0
Let h(z) = -24*z - 1. Suppose -3*i = -0*m + m + 8, 5*m + 5*i + 20 = 0. What is the tens digit of h(m)?
4
What is the units digit of 735/(-10)*(-4)/6?
9
What is the hundreds digit of (-2)/(16/10) - (-1333)/4?
3
Suppose -3*x + 84 = -0*x. Suppose 3*t - 4*t = -x. Suppose -4*j - 2*o = -j - 32, 0 = 3*j + o - t. What is the units digit of j?
8
Suppose 2*l + 2 = 8. Suppose 5*b - 184 = -3*y, -4*b - 3*y = y - 152. Suppose -4 = c, -4*q + l*c + b = -17. What is the tens digit of q?
1
Suppose 2*d = a - 16, -d = 5*a - 38 - 9. Let r = 2 + a. Suppose 5*l - 2*l = r. What is the units digit of l?
4
Let c be 10/(-15)*6*-1. Let n(y) = y**3 - 3*y**2 - 5*y + 4. Let m be n(c). What is the units digit of (30/6)/(1 + m)?
5
Let h(z) = z - z**2 + 4 + 0 + 6*z**2 - 5. What is the units digit of h(1)?
5
Let n = 1 + 0. What is the units digit of n?
1
What is the units digit of (-185)/(-4) + (85/(-20) - -4)?
6
Let a(w) be the first derivative of -w**2/2 + 2*w - 1. Let r be a(-3). Suppose -2*o + r = -5. What is the units digit of o?
5
Let u be (1/4)/((-6)/24). Let a = 4 + u. What is the units digit of a?
3
Let r be (1 - 2) + 0 + 1. Let h = 2 + r. Suppose 0 = 5*y - 25, s - y - 1 = -h*s. What is the units digit of s?
2
Suppose 17*c = 14*c + 159. What is the units digit of c?
3
Let x be (-1 + 3)*(-12)/(-8). Suppose x*b - 6*r + 7*r - 7 = 0, -2*b - 5*r + 22 = 0. What is the units digit of ((-12)/14)/(b/(-7))?
6
Let u(s) = -s**2 + 10*s - 8. Suppose -3*v = -g - 23, 3*v + 5*g = 2*g + 3. What is the tens digit of u(v)?
1
Suppose -4*r + 12 = -r. Let w = -3 + r. What is the units digit of w?
1
Let u = -7 + 10. Let b = u + 6. What is the units digit of b?
9
Let u = 3 + -4. Let j be -2*u/(-3 - -2). Let k(q) = -q**2 - 4*q - 2. What is the units digit of k(j)?
2
Let h = 1 + 49. What is the units digit of h?
0
Let r(q) = q**2 + 1. Let b be r(1). Let w(a) = a**3 - a**2 - 2. What is the units digit of w(b)?
2
Let c(o) = -o**3 + 6*o**2 + 7*o + 3. Let p be c(7). Suppose j - 3*j = -p*k - 9, -4*j + k + 13 = 0. What is the units digit of j?
3
Let f = -46 + 193. What is the tens digit of f?
4
Let r(z) = z**3 + 2*z**2 - 3*z - 1. Let f be r(-3). Let s be (f + 2)/((-2)/18). What is the units digit of (-20)/s + 8/(-36)?
2
Let t = -58 + 15. Let f = t + 60. Suppose 5*w - f - 48 = 0. What is the units digit of w?
3
Suppose 0*m - 2*m - 5*v - 48 = 0, 3*m + 106 = v. What is the units digit of m/(1 + -3) - -3?
0
Let i(a) = -4 + 0 + 8 + a**2 - 4*a. Let f be (-1 - -1) + 3 + 0. What is the units digit of i(f)?
1
Let n be (-29)/(-4) - 4/16. Suppose -q + r = -10, -3*q - 2*r = -n*q + 30. Suppose -2*p = -4*x + 3*p + 37, -q*x = p - 39. What is the units digit of x?
8
Let r(n) = n + 16. What is the units digit of r(-6)?
0
Let r(j) = j**2 + 7*j + 7. Let n = -4 - -6. Suppose -4*d + 2*m - 34 = 0, -n*d = -d + 2*m - 4. What is the units digit of r(d)?
1
Let q be 113 - ((-1)/(-1))/(-1). Suppose -5*a + q = -6. Suppose 0*h + 2*h - a = 0. What is the tens digit of h?
1
Let h be (-348)/(-18)*9/6. Let x = h - 21. What is the units digit of x?
8
Suppose 4*k - 3*f = -2*f + 34, 0 = -4*f + 8. Let n be 56/k + 4/(-18). Let a = 11 - n. What is the units digit of a?
5
Let h(d) = -30*d + 25. What is the tens digit of h(-11)?
5
Suppose 355 + 386 = 3*i. What is the hundreds digit of i?
2
Let p(y) = -2*y**3 - 4*y**2 + 4*y - 3. Let z be p(-4). Let t = 6 + -3. Suppose 2*b - z = -t*b. What is the units digit of b?
9
Let j = -66 + 245. What is the tens digit of j?
7
Let y(n) = 17*n**2 - n. Let j be y(-1). Suppose -2*h = c - j, 2*c - 3*c = 5*h - 12. What is the tens digit of c?
2
Let l(h) = 2*h + 4. Suppose -5*x = -3*x + 4, -4*z = 3*x - 22. What is the units digit of l(z)?
8
Suppose -5*o = -o + 484. Let l be 4/(-14) - o/7. What is the units digit of (-12)/8 - l/(-2)?
7
Let z(s) = s**3 + 11*s**2 + 7*s + 6. Let x be z(-10). Suppose -x = -4*f + 36. What is the units digit of f?
8
Suppose -8*s + 916 = 244. What is the tens digit of s?
8
Suppose 0*j + 10 = -2*j, 2*i + j + 19 = 0. Let o = i - -10. What is the units digit of o?
3
Let u(c) = -1 + 51*c - 2 + 2. Let q be u(1). Suppose 0 = 5*m - 5*x - q, 7*m - 2*m = -4*x + 50. What is the units digit of m?
0
Let x(q) = -2*q + 79. What is the tens digit of x(0)?
7
Let r(p) = -p**2 + 7*p + 3. Let c be r(7). Suppose -4*v + 13 + 22 = -i, c*v - 45 = -3*i. What is the tens digit of v?
1
Let u = 155 + -112. What is the units digit of u?
3
Suppose g = -0*g + 100. Suppose -5*i = -g - 30. What is the tens digit of i?
2
What is the units digit of (-3 + (-840)/(-4))*(-3 + 4)?
7
Let o(c) = -27*c + 1. Let m be o(-1). Suppose -2*f - f - 5*u = -69, 5*u = 4*f - 57. Let b = m - f. What is the units digit of b?
0
What is the tens digit of 15*(4 - 30/9)?
1
Suppose -4*l + 10 = -f - 34, f = 0. Suppose 2*i - l = -2*p + 11, 21 = p - 4*i. What is the units